158.23.184.117 - - [26/Aug/2026:14:29:40 -0500] "GET /bypass.php HTTP/1.1" 409 83 "-" "Mozilla/5.0 (Windows NT 10.0; Win64; x64) AppleWebKit/537.36 (KHTML, like Gecko) Chrome/120.0.0.0 Safari/537.36" mail.bioagrifoodfuture.org 10.37.119.52
158.23.184.117 - - [26/Aug/2026:14:29:40 -0500] "GET /xmrlpc.php HTTP/1.1" 409 83 "-" "Mozilla/5.0 (Windows NT 10.0; Win64; x64) AppleWebKit/537.36 (KHTML, like Gecko) Chrome/120.0.0.0 Safari/537.36" mail.bioagrifoodfuture.org 10.37.119.52
158.23.184.117 - - [26/Aug/2026:14:29:40 -0500] "GET /ae.php HTTP/1.1" 409 83 "-" "Mozilla/5.0 (Windows NT 10.0; Win64; x64) AppleWebKit/537.36 (KHTML, like Gecko) Chrome/120.0.0.0 Safari/537.36" mail.bioagrifoodfuture.org 10.37.119.52
158.23.184.117 - - [26/Aug/2026:14:29:40 -0500] "GET /blog.php HTTP/1.1" 409 83 "-" "Mozilla/5.0 (Windows NT 10.0; Win64; x64) AppleWebKit/537.36 (KHTML, like Gecko) Chrome/120.0.0.0 Safari/537.36" mail.bioagrifoodfuture.org 10.37.119.52
158.23.184.117 - - [26/Aug/2026:14:29:41 -0500] "GET /themes.php HTTP/1.1" 409 83 "-" "Mozilla/5.0 (Windows NT 10.0; Win64; x64) AppleWebKit/537.36 (KHTML, like Gecko) Chrome/120.0.0.0 Safari/537.36" mail.bioagrifoodfuture.org 10.37.119.52
158.23.184.117 - - [26/Aug/2026:14:29:41 -0500] "GET /ini.php HTTP/1.1" 409 83 "-" "Mozilla/5.0 (Windows NT 10.0; Win64; x64) AppleWebKit/537.36 (KHTML, like Gecko) Chrome/120.0.0.0 Safari/537.36" mail.bioagrifoodfuture.org 10.37.119.52
158.23.184.117 - - [26/Aug/2026:14:29:41 -0500] "GET /shell.php HTTP/1.1" 409 83 "-" "Mozilla/5.0 (Windows NT 10.0; Win64; x64) AppleWebKit/537.36 (KHTML, like Gecko) Chrome/120.0.0.0 Safari/537.36" mail.bioagrifoodfuture.org 10.37.119.52
158.23.184.117 - - [26/Aug/2026:14:29:42 -0500] "GET /ws.php HTTP/1.1" 409 83 "-" "Mozilla/5.0 (Windows NT 10.0; Win64; x64) AppleWebKit/537.36 (KHTML, like Gecko) Chrome/120.0.0.0 Safari/537.36" mail.bioagrifoodfuture.org 10.37.119.52
158.23.184.117 - - [26/Aug/2026:14:29:42 -0500] "GET /makeasmtp.php HTTP/1.1" 409 83 "-" "Mozilla/5.0 (Windows NT 10.0; Win64; x64) AppleWebKit/537.36 (KHTML, like Gecko) Chrome/120.0.0.0 Safari/537.36" mail.bioagrifoodfuture.org 10.37.119.52
158.23.184.117 - - [26/Aug/2026:14:29:42 -0500] "GET /wp-sigunq.php HTTP/1.1" 409 83 "-" "Mozilla/5.0 (Windows NT 10.0; Win64; x64) AppleWebKit/537.36 (KHTML, like Gecko) Chrome/120.0.0.0 Safari/537.36" mail.bioagrifoodfuture.org 10.37.119.52
158.23.184.117 - - [26/Aug/2026:14:29:42 -0500] "GET /wso112233.php HTTP/1.1" 409 83 "-" "Mozilla/5.0 (Windows NT 10.0; Win64; x64) AppleWebKit/537.36 (KHTML, like Gecko) Chrome/120.0.0.0 Safari/537.36" mail.bioagrifoodfuture.org 10.37.119.52
158.23.184.117 - - [26/Aug/2026:14:29:43 -0500] "GET /fw.php HTTP/1.1" 409 83 "-" "Mozilla/5.0 (Windows NT 10.0; Win64; x64) AppleWebKit/537.36 (KHTML, like Gecko) Chrome/120.0.0.0 Safari/537.36" mail.bioagrifoodfuture.org 10.37.119.52
158.23.184.117 - - [26/Aug/2026:14:29:43 -0500] "GET /wp-login.php HTTP/1.1" 409 83 "-" "Mozilla/5.0 (Windows NT 10.0; Win64; x64) AppleWebKit/537.36 (KHTML, like Gecko) Chrome/120.0.0.0 Safari/537.36" mail.bioagrifoodfuture.org 10.37.119.52
158.23.184.117 - - [26/Aug/2026:14:29:43 -0500] "GET /classsmtps.php HTTP/1.1" 409 83 "-" "Mozilla/5.0 (Windows NT 10.0; Win64; x64) AppleWebKit/537.36 (KHTML, like Gecko) Chrome/120.0.0.0 Safari/537.36" mail.bioagrifoodfuture.org 10.37.119.52
158.23.184.117 - - [26/Aug/2026:14:29:43 -0500] "GET /wp-blog-header.php HTTP/1.1" 409 83 "-" "Mozilla/5.0 (Windows NT 10.0; Win64; x64) AppleWebKit/537.36 (KHTML, like Gecko) Chrome/120.0.0.0 Safari/537.36" mail.bioagrifoodfuture.org 10.37.119.52
158.23.184.117 - - [26/Aug/2026:14:29:44 -0500] "GET /wp-trackback.php HTTP/1.1" 409 83 "-" "Mozilla/5.0 (Windows NT 10.0; Win64; x64) AppleWebKit/537.36 (KHTML, like Gecko) Chrome/120.0.0.0 Safari/537.36" mail.bioagrifoodfuture.org 10.37.119.52
158.23.184.117 - - [26/Aug/2026:14:29:44 -0500] "GET /wp-signup.php HTTP/1.1" 409 83 "-" "Mozilla/5.0 (Windows NT 10.0; Win64; x64) AppleWebKit/537.36 (KHTML, like Gecko) Chrome/120.0.0.0 Safari/537.36" mail.bioagrifoodfuture.org 10.37.119.52
158.23.184.117 - - [26/Aug/2026:14:29:44 -0500] "GET /wp-comments-post.php HTTP/1.1" 409 83 "-" "Mozilla/5.0 (Windows NT 10.0; Win64; x64) AppleWebKit/537.36 (KHTML, like Gecko) Chrome/120.0.0.0 Safari/537.36" mail.bioagrifoodfuture.org 10.37.119.52
158.23.184.117 - - [26/Aug/2026:14:29:44 -0500] "GET /wp-cron.php HTTP/1.1" 409 83 "-" "Mozilla/5.0 (Windows NT 10.0; Win64; x64) AppleWebKit/537.36 (KHTML, like Gecko) Chrome/120.0.0.0 Safari/537.36" mail.bioagrifoodfuture.org 10.37.119.52
158.23.184.117 - - [26/Aug/2026:14:29:45 -0500] "GET /wp-load.php HTTP/1.1" 409 83 "-" "Mozilla/5.0 (Windows NT 10.0; Win64; x64) AppleWebKit/537.36 (KHTML, like Gecko) Chrome/120.0.0.0 Safari/537.36" mail.bioagrifoodfuture.org 10.37.119.52
158.23.184.117 - - [26/Aug/2026:14:29:45 -0500] "GET /wp-mail.php HTTP/1.1" 409 83 "-" "Mozilla/5.0 (Windows NT 10.0; Win64; x64) AppleWebKit/537.36 (KHTML, like Gecko) Chrome/120.0.0.0 Safari/537.36" mail.bioagrifoodfuture.org 10.37.119.52
158.23.184.117 - - [26/Aug/2026:14:29:45 -0500] "GET /wp-activate.php HTTP/1.1" 409 83 "-" "Mozilla/5.0 (Windows NT 10.0; Win64; x64) AppleWebKit/537.36 (KHTML, like Gecko) Chrome/120.0.0.0 Safari/537.36" mail.bioagrifoodfuture.org 10.37.119.52
158.23.184.117 - - [26/Aug/2026:14:29:46 -0500] "GET /plugins.php HTTP/1.1" 409 83 "-" "Mozilla/5.0 (Windows NT 10.0; Win64; x64) AppleWebKit/537.36 (KHTML, like Gecko) Chrome/120.0.0.0 Safari/537.36" mail.bioagrifoodfuture.org 10.37.119.52
158.23.184.117 - - [26/Aug/2026:14:29:46 -0500] "GET /abe.php HTTP/1.1" 409 83 "-" "Mozilla/5.0 (Windows NT 10.0; Win64; x64) AppleWebKit/537.36 (KHTML, like Gecko) Chrome/120.0.0.0 Safari/537.36" mail.bioagrifoodfuture.org 10.37.119.52
158.23.184.117 - - [26/Aug/2026:14:29:46 -0500] "GET /about/function.php HTTP/1.1" 409 83 "-" "Mozilla/5.0 (Windows NT 10.0; Win64; x64) AppleWebKit/537.36 (KHTML, like Gecko) Chrome/120.0.0.0 Safari/537.36" mail.bioagrifoodfuture.org 10.37.119.52
158.23.184.117 - - [26/Aug/2026:14:29:46 -0500] "GET /admin/index_upload.php HTTP/1.1" 409 83 "-" "Mozilla/5.0 (Windows NT 10.0; Win64; x64) AppleWebKit/537.36 (KHTML, like Gecko) Chrome/120.0.0.0 Safari/537.36" mail.bioagrifoodfuture.org 10.37.119.52
158.23.184.117 - - [26/Aug/2026:14:29:47 -0500] "GET /contact.php HTTP/1.1" 409 83 "-" "Mozilla/5.0 (Windows NT 10.0; Win64; x64) AppleWebKit/537.36 (KHTML, like Gecko) Chrome/120.0.0.0 Safari/537.36" mail.bioagrifoodfuture.org 10.37.119.52
158.23.184.117 - - [26/Aug/2026:14:29:47 -0500] "GET /cux.php HTTP/1.1" 409 83 "-" "Mozilla/5.0 (Windows NT 10.0; Win64; x64) AppleWebKit/537.36 (KHTML, like Gecko) Chrome/120.0.0.0 Safari/537.36" mail.bioagrifoodfuture.org 10.37.119.52
158.23.184.117 - - [26/Aug/2026:14:29:47 -0500] "GET /db.php HTTP/1.1" 409 83 "-" "Mozilla/5.0 (Windows NT 10.0; Win64; x64) AppleWebKit/537.36 (KHTML, like Gecko) Chrome/120.0.0.0 Safari/537.36" mail.bioagrifoodfuture.org 10.37.119.52
158.23.184.117 - - [26/Aug/2026:14:29:47 -0500] "GET /gebase.php HTTP/1.1" 409 83 "-" "Mozilla/5.0 (Windows NT 10.0; Win64; x64) AppleWebKit/537.36 (KHTML, like Gecko) Chrome/120.0.0.0 Safari/537.36" mail.bioagrifoodfuture.org 10.37.119.52
158.23.184.117 - - [26/Aug/2026:14:29:48 -0500] "GET /images/2008.php HTTP/1.1" 409 83 "-" "Mozilla/5.0 (Windows NT 10.0; Win64; x64) AppleWebKit/537.36 (KHTML, like Gecko) Chrome/120.0.0.0 Safari/537.36" mail.bioagrifoodfuture.org 10.37.119.52
158.23.184.117 - - [26/Aug/2026:14:29:48 -0500] "GET /images/c99.php HTTP/1.1" 403 450 "-" "Mozilla/5.0 (Windows NT 10.0; Win64; x64) AppleWebKit/537.36 (KHTML, like Gecko) Chrome/120.0.0.0 Safari/537.36" mail.bioagrifoodfuture.org 10.37.119.52
158.23.184.117 - - [26/Aug/2026:14:29:48 -0500] "GET /images/c99.php HTTP/1.1" 403 450 "-" "Mozilla/5.0 (Windows NT 10.0; Win64; x64) AppleWebKit/537.36 (KHTML, like Gecko) Chrome/120.0.0.0 Safari/537.36" mail.bioagrifoodfuture.org 10.37.119.52
158.23.184.117 - - [26/Aug/2026:14:29:48 -0500] "GET /images/c99.php HTTP/1.1" 403 450 "-" "Mozilla/5.0 (Windows NT 10.0; Win64; x64) AppleWebKit/537.36 (KHTML, like Gecko) Chrome/120.0.0.0 Safari/537.36" mail.bioagrifoodfuture.org 10.37.119.52
158.23.184.117 - - [26/Aug/2026:14:29:49 -0500] "GET /images/g3.php HTTP/1.1" 409 83 "-" "Mozilla/5.0 (Windows NT 10.0; Win64; x64) AppleWebKit/537.36 (KHTML, like Gecko) Chrome/120.0.0.0 Safari/537.36" mail.bioagrifoodfuture.org 10.37.119.52
158.23.184.117 - - [26/Aug/2026:14:29:49 -0500] "GET /img/omar.php.png HTTP/1.1" 409 83 "-" "Mozilla/5.0 (Windows NT 10.0; Win64; x64) AppleWebKit/537.36 (KHTML, like Gecko) Chrome/120.0.0.0 Safari/537.36" mail.bioagrifoodfuture.org 10.37.119.52
158.23.184.117 - - [26/Aug/2026:14:29:49 -0500] "GET /item.php HTTP/1.1" 409 83 "-" "Mozilla/5.0 (Windows NT 10.0; Win64; x64) AppleWebKit/537.36 (KHTML, like Gecko) Chrome/120.0.0.0 Safari/537.36" mail.bioagrifoodfuture.org 10.37.119.52
158.23.184.117 - - [26/Aug/2026:14:29:49 -0500] "GET /layout.php HTTP/1.1" 409 83 "-" "Mozilla/5.0 (Windows NT 10.0; Win64; x64) AppleWebKit/537.36 (KHTML, like Gecko) Chrome/120.0.0.0 Safari/537.36" mail.bioagrifoodfuture.org 10.37.119.52
158.23.184.117 - - [26/Aug/2026:14:29:50 -0500] "GET /ms-edit.php HTTP/1.1" 409 83 "-" "Mozilla/5.0 (Windows NT 10.0; Win64; x64) AppleWebKit/537.36 (KHTML, like Gecko) Chrome/120.0.0.0 Safari/537.36" mail.bioagrifoodfuture.org 10.37.119.52
192.185.4.120 - - [26/Aug/2026:14:29:51 -0500] "POST /wp-cron.php?doing_wp_cron=1787772591.0963799953460693359375 HTTP/1.1" 200 - "-" "WordPress/7.1; https://bioagrifoodfuture.org" bioagrifoodfuture.org 10.37.119.52
158.23.184.117 - - [26/Aug/2026:14:29:50 -0500] "GET /randkeyword.PhP7 HTTP/1.1" 404 11953 "-" "Mozilla/5.0 (Windows NT 10.0; Win64; x64) AppleWebKit/537.36 (KHTML, like Gecko) Chrome/120.0.0.0 Safari/537.36" mail.bioagrifoodfuture.org 10.37.119.52
158.23.184.117 - - [26/Aug/2026:14:29:51 -0500] "GET /upload.php HTTP/1.1" 409 83 "-" "Mozilla/5.0 (Windows NT 10.0; Win64; x64) AppleWebKit/537.36 (KHTML, like Gecko) Chrome/120.0.0.0 Safari/537.36" mail.bioagrifoodfuture.org 10.37.119.52
158.23.184.117 - - [26/Aug/2026:14:29:51 -0500] "GET /woh.php HTTP/1.1" 409 83 "-" "Mozilla/5.0 (Windows NT 10.0; Win64; x64) AppleWebKit/537.36 (KHTML, like Gecko) Chrome/120.0.0.0 Safari/537.36" mail.bioagrifoodfuture.org 10.37.119.52
158.23.184.117 - - [26/Aug/2026:14:29:51 -0500] "GET /wso.php HTTP/1.1" 409 83 "-" "Mozilla/5.0 (Windows NT 10.0; Win64; x64) AppleWebKit/537.36 (KHTML, like Gecko) Chrome/120.0.0.0 Safari/537.36" mail.bioagrifoodfuture.org 10.37.119.52
158.23.184.117 - - [26/Aug/2026:14:29:51 -0500] "GET /wp/index.php HTTP/1.1" 409 83 "-" "Mozilla/5.0 (Windows NT 10.0; Win64; x64) AppleWebKit/537.36 (KHTML, like Gecko) Chrome/120.0.0.0 Safari/537.36" mail.bioagrifoodfuture.org 10.37.119.52
178.20.45.182 - - [26/Aug/2026:14:41:29 -0500] "POST /wp-admin/admin-ajax.php HTTP/1.0" 409 83 "http://bioagrifoodfuture.org/" "Mozilla/5.0 (Windows NT 10.0; Win64; x64) AppleWebKit/537.36 (KHTML, like Gecko) Chrome/131.0.0.0 Safari/537.36 Avast/131.0.0.0" bioagrifoodfuture.org 10.37.119.52
43.157.52.37 - - [26/Aug/2026:14:41:43 -0500] "GET /baff-24-eventos/embed/ HTTP/1.1" 200 25133 "-" "Mozilla/5.0 (iPhone; CPU iPhone OS 13_2_3 like Mac OS X) AppleWebKit/605.1.15 (KHTML, like Gecko) Version/13.0.3 Mobile/15E148 Safari/604.1" bioagrifoodfuture.org 10.37.119.52
47.128.55.37 - - [26/Aug/2026:14:43:52 -0500] "GET /robots.txt HTTP/1.1" 406 226 "-" "Mozilla/5.0 (Linux; Android 5.0) AppleWebKit/537.36 (KHTML, like Gecko) Mobile Safari/537.36 (compatible; Bytespider; spider-feedback@bytedance.com)" www.bioagrifoodfuture.org 10.37.119.52
74.208.90.100 - - [26/Aug/2026:14:45:10 -0500] "GET /wp-login.php HTTP/2.0" 409 83 "-" "Mozilla/5.0 (Windows NT 10.0; Win64; x64) AppleWebKit/537.36 (KHTML, like Gecko) Chrome/151.0.0.0 Safari/537.36" bioagrifoodfuture.org 10.37.119.52
50.6.169.131 - - [26/Aug/2026:14:46:59 -0500] "GET /wp-login.php HTTP/2.0" 409 83 "-" "Mozilla/5.0 (Windows NT 10.0; Win64; x64) AppleWebKit/537.36 (KHTML, like Gecko) Chrome/151.0.0.0 Safari/537.36" bioagrifoodfuture.org 10.37.119.52
190.6.176.90 - - [26/Aug/2026:14:48:16 -0500] "GET /wp-login.php HTTP/2.0" 409 83 "-" "Mozilla/5.0 (Windows NT 10.0; Win64; x64) AppleWebKit/537.36 (KHTML, like Gecko) Chrome/151.0.0.0 Safari/537.36" bioagrifoodfuture.org 10.37.119.52
95.142.47.113 - - [26/Aug/2026:14:48:28 -0500] "POST /wp-admin/admin-ajax.php HTTP/1.0" 409 83 "http://bioagrifoodfuture.org/" "Mozilla/5.0 (Windows NT 10.0; Win64; x64) AppleWebKit/537.36 (KHTML, like Gecko) Chrome/130.0.0.0 Safari/537.36 CCleaner/130.0.0.0" bioagrifoodfuture.org 10.37.119.52
43.154.250.181 - - [26/Aug/2026:14:52:10 -0500] "GET /baff-24-eventos/embed/ HTTP/1.1" 200 25133 "-" "Mozilla/5.0 (iPhone; CPU iPhone OS 13_2_3 like Mac OS X) AppleWebKit/605.1.15 (KHTML, like Gecko) Version/13.0.3 Mobile/15E148 Safari/604.1" bioagrifoodfuture.org 10.37.119.52
43.156.36.169 - - [26/Aug/2026:14:58:11 -0500] "GET /baff-24-eventos/embed/ HTTP/1.1" 200 25133 "-" "Mozilla/5.0 (iPhone; CPU iPhone OS 13_2_3 like Mac OS X) AppleWebKit/605.1.15 (KHTML, like Gecko) Version/13.0.3 Mobile/15E148 Safari/604.1" bioagrifoodfuture.org 10.37.119.52
74.208.90.100 - - [26/Aug/2026:14:58:38 -0500] "GET /wp-login.php HTTP/2.0" 409 83 "-" "Mozilla/5.0 (Windows NT 10.0; Win64; x64) AppleWebKit/537.36 (KHTML, like Gecko) Chrome/151.0.0.0 Safari/537.36" bioagrifoodfuture.org 10.37.119.52
50.6.169.131 - - [26/Aug/2026:15:09:31 -0500] "GET /wp-login.php HTTP/2.0" 409 83 "-" "Mozilla/5.0 (Windows NT 10.0; Win64; x64) AppleWebKit/537.36 (KHTML, like Gecko) Chrome/151.0.0.0 Safari/537.36" bioagrifoodfuture.org 10.37.119.52
167.71.240.77 - - [26/Aug/2026:15:10:21 -0500] "GET /wp-login.php HTTP/2.0" 409 83 "-" "Mozilla/5.0 (Windows NT 10.0; Win64; x64) AppleWebKit/537.36 (KHTML, like Gecko) Chrome/151.0.0.0 Safari/537.36" bioagrifoodfuture.org 10.37.119.52
46.99.186.149 - - [26/Aug/2026:15:18:29 -0500] "POST /xmlrpc.php HTTP/1.1" 409 83 "-" "Jetpack by WordPress.com" bioagrifoodfuture.org 10.37.119.52
46.99.186.149 - - [26/Aug/2026:15:18:39 -0500] "POST /xmlrpc.php HTTP/1.1" 409 83 "-" "Jetpack by WordPress.com" bioagrifoodfuture.org 10.37.119.52
46.99.186.149 - - [26/Aug/2026:15:18:50 -0500] "POST /xmlrpc.php HTTP/1.1" 409 83 "-" "WordPress.com; https://wordpress.com" bioagrifoodfuture.org 10.37.119.52
46.99.186.149 - - [26/Aug/2026:15:19:00 -0500] "POST /xmlrpc.php HTTP/1.1" 409 83 "-" "Jetpack/12.5; WordPress/6.3; http://site55455358.com" bioagrifoodfuture.org 10.37.119.52
46.99.186.149 - - [26/Aug/2026:15:19:11 -0500] "POST /xmlrpc.php HTTP/1.1" 409 83 "-" "Jetpack/12.1; WordPress/6.3; http://site16568495.com" bioagrifoodfuture.org 10.37.119.52
46.99.186.149 - - [26/Aug/2026:15:19:21 -0500] "POST /xmlrpc.php HTTP/1.1" 409 83 "-" "Jetpack by WordPress.com (Jetpack 12.1; WordPress 6.1)" bioagrifoodfuture.org 10.37.119.52
46.99.186.149 - - [26/Aug/2026:15:19:32 -0500] "POST /xmlrpc.php HTTP/1.1" 409 83 "-" "Jetpack by WordPress.com (Jetpack 13.0; WordPress 6.2)" bioagrifoodfuture.org 10.37.119.52
46.99.186.149 - - [26/Aug/2026:15:19:43 -0500] "POST /xmlrpc.php HTTP/1.1" 409 83 "-" "Jetpack by WordPress.com (Jetpack 12.1; WordPress 6.3)" bioagrifoodfuture.org 10.37.119.52
46.99.186.149 - - [26/Aug/2026:15:19:53 -0500] "POST /xmlrpc.php HTTP/1.1" 409 83 "-" "Jetpack/12.0; WordPress/6.3; http://site24670722.com" bioagrifoodfuture.org 10.37.119.52
46.99.186.149 - - [26/Aug/2026:15:20:04 -0500] "POST /xmlrpc.php HTTP/1.1" 409 83 "-" "WordPress.com; https://wordpress.com" bioagrifoodfuture.org 10.37.119.52
46.99.186.149 - - [26/Aug/2026:15:20:14 -0500] "POST /xmlrpc.php HTTP/1.1" 409 83 "-" "Jetpack by WordPress.com (Jetpack 13.0; WordPress 6.2)" bioagrifoodfuture.org 10.37.119.52
46.99.186.149 - - [26/Aug/2026:15:20:25 -0500] "POST /xmlrpc.php HTTP/1.1" 409 83 "-" "Jetpack by WordPress.com" bioagrifoodfuture.org 10.37.119.52
46.99.186.149 - - [26/Aug/2026:15:20:35 -0500] "POST /xmlrpc.php HTTP/1.1" 409 83 "-" "Jetpack/13.0; WordPress/6.3; http://site17108491.com" bioagrifoodfuture.org 10.37.119.52
46.99.186.149 - - [26/Aug/2026:15:20:46 -0500] "POST /xmlrpc.php HTTP/1.1" 409 83 "-" "WordPress.com; https://wordpress.com" bioagrifoodfuture.org 10.37.119.52
192.185.4.120 - - [26/Aug/2026:15:20:56 -0500] "POST /wp-cron.php?doing_wp_cron=1787775656.5578150749206542968750 HTTP/1.1" 200 - "-" "WordPress/7.1; https://bioagrifoodfuture.org" bioagrifoodfuture.org 10.37.119.52
163.5.210.251 - - [26/Aug/2026:15:20:53 -0500] "GET /wp-admin/admin-ajax.php HTTP/1.1" 400 21 "-" "Mozilla/5.0 (Windows NT 10.0; Win64; x64) AppleWebKit/537.36 (KHTML, like Gecko) Chrome/126.0.0.0 Safari/537.36" bioagrifoodfuture.org 10.37.119.52
46.99.186.149 - - [26/Aug/2026:15:20:56 -0500] "POST /xmlrpc.php HTTP/1.1" 409 83 "-" "Jetpack/12.5; WordPress/6.1; http://site17014202.com" bioagrifoodfuture.org 10.37.119.52
163.5.210.251 - - [26/Aug/2026:15:20:56 -0500] "POST /wp-admin/admin-ajax.php?meta-box-loader=1 HTTP/1.1" 400 21 "-" "Mozilla/5.0 (Windows NT 10.0; Win64; x64) AppleWebKit/537.36 (KHTML, like Gecko) Chrome/126.0.0.0 Safari/537.36" bioagrifoodfuture.org 10.37.119.52
192.185.4.120 - - [26/Aug/2026:15:20:55 -0500] "POST /wp-admin/admin-ajax.php?action=as_async_request_queue_runner&nonce=7894ecbaa8 HTTP/1.1" 200 - "-" "WordPress/7.1; https://bioagrifoodfuture.org" bioagrifoodfuture.org 10.37.119.52
46.99.186.149 - - [26/Aug/2026:15:21:07 -0500] "POST /xmlrpc.php HTTP/1.1" 409 83 "-" "Jetpack/12.0; WordPress/6.3; http://site26004551.com" bioagrifoodfuture.org 10.37.119.52
46.99.186.149 - - [26/Aug/2026:15:21:17 -0500] "POST /xmlrpc.php HTTP/1.1" 409 83 "-" "Jetpack by WordPress.com (Jetpack 12.5; WordPress 6.2)" bioagrifoodfuture.org 10.37.119.52
46.99.186.149 - - [26/Aug/2026:15:21:28 -0500] "POST /xmlrpc.php HTTP/1.1" 409 83 "-" "WordPress.com; https://wordpress.com" bioagrifoodfuture.org 10.37.119.52
46.99.186.149 - - [26/Aug/2026:15:21:38 -0500] "POST /xmlrpc.php HTTP/1.1" 409 83 "-" "Jetpack by WordPress.com" bioagrifoodfuture.org 10.37.119.52
46.99.186.149 - - [26/Aug/2026:15:21:49 -0500] "POST /xmlrpc.php HTTP/1.1" 409 83 "-" "Jetpack by WordPress.com (Jetpack 12.1; WordPress 6.3)" bioagrifoodfuture.org 10.37.119.52
46.99.186.149 - - [26/Aug/2026:15:21:59 -0500] "POST /xmlrpc.php HTTP/1.1" 409 83 "-" "Jetpack by WordPress.com (Jetpack 13.0; WordPress 6.4)" bioagrifoodfuture.org 10.37.119.52
46.99.186.149 - - [26/Aug/2026:15:22:10 -0500] "POST /xmlrpc.php HTTP/1.1" 409 83 "-" "Jetpack/12.0; WordPress/6.4; http://site74762951.com" bioagrifoodfuture.org 10.37.119.52
129.121.76.191 - - [26/Aug/2026:15:22:14 -0500] "GET /wp-login.php HTTP/2.0" 409 83 "-" "Mozilla/5.0 (Windows NT 10.0; Win64; x64) AppleWebKit/537.36 (KHTML, like Gecko) Chrome/151.0.0.0 Safari/537.36" bioagrifoodfuture.org 10.37.119.52
46.99.186.149 - - [26/Aug/2026:15:22:20 -0500] "POST /xmlrpc.php HTTP/1.1" 409 83 "-" "Jetpack by WordPress.com" bioagrifoodfuture.org 10.37.119.52
46.99.186.149 - - [26/Aug/2026:15:22:31 -0500] "POST /xmlrpc.php HTTP/1.1" 409 83 "-" "WordPress.com; https://wordpress.com" bioagrifoodfuture.org 10.37.119.52
108.179.253.230 - - [26/Aug/2026:15:22:39 -0500] "GET /wp-login.php HTTP/2.0" 409 83 "-" "Mozilla/5.0 (Windows NT 10.0; Win64; x64) AppleWebKit/537.36 (KHTML, like Gecko) Chrome/151.0.0.0 Safari/537.36" bioagrifoodfuture.org 10.37.119.52
46.99.186.149 - - [26/Aug/2026:15:22:42 -0500] "POST /xmlrpc.php HTTP/1.1" 409 83 "-" "Jetpack by WordPress.com" bioagrifoodfuture.org 10.37.119.52
46.99.186.149 - - [26/Aug/2026:15:22:52 -0500] "POST /xmlrpc.php HTTP/1.1" 409 83 "-" "Jetpack/12.5; WordPress/6.4; http://site76867769.com" bioagrifoodfuture.org 10.37.119.52
46.99.186.149 - - [26/Aug/2026:15:23:03 -0500] "POST /xmlrpc.php HTTP/1.1" 409 83 "-" "Jetpack by WordPress.com" bioagrifoodfuture.org 10.37.119.52
46.99.186.149 - - [26/Aug/2026:15:23:13 -0500] "POST /xmlrpc.php HTTP/1.1" 409 83 "-" "Jetpack by WordPress.com (Jetpack 12.1; WordPress 6.2)" bioagrifoodfuture.org 10.37.119.52
46.99.186.149 - - [26/Aug/2026:15:23:24 -0500] "POST /xmlrpc.php HTTP/1.1" 409 83 "-" "WordPress.com; https://wordpress.com" bioagrifoodfuture.org 10.37.119.52
46.99.186.149 - - [26/Aug/2026:15:23:34 -0500] "POST /xmlrpc.php HTTP/1.1" 409 83 "-" "Jetpack by WordPress.com (Jetpack 12.5; WordPress 6.3)" bioagrifoodfuture.org 10.37.119.52
46.99.186.149 - - [26/Aug/2026:15:23:45 -0500] "POST /xmlrpc.php HTTP/1.1" 409 83 "-" "Jetpack by WordPress.com (Jetpack 12.5; WordPress 6.2)" bioagrifoodfuture.org 10.37.119.52
46.99.186.149 - - [26/Aug/2026:15:23:55 -0500] "POST /xmlrpc.php HTTP/1.1" 409 83 "-" "Jetpack by WordPress.com (Jetpack 12.0; WordPress 6.2)" bioagrifoodfuture.org 10.37.119.52
46.99.186.149 - - [26/Aug/2026:15:24:06 -0500] "POST /xmlrpc.php HTTP/1.1" 409 83 "-" "Jetpack/12.0; WordPress/6.1; http://site70623591.com" bioagrifoodfuture.org 10.37.119.52
46.99.186.149 - - [26/Aug/2026:15:24:16 -0500] "POST /xmlrpc.php HTTP/1.1" 409 83 "-" "WordPress.com; https://wordpress.com" bioagrifoodfuture.org 10.37.119.52
46.99.186.149 - - [26/Aug/2026:15:24:27 -0500] "POST /xmlrpc.php HTTP/1.1" 409 83 "-" "Jetpack/12.1; WordPress/6.2; http://site53926180.com" bioagrifoodfuture.org 10.37.119.52
46.99.186.149 - - [26/Aug/2026:15:24:37 -0500] "POST /xmlrpc.php HTTP/1.1" 409 83 "-" "Jetpack/12.0; WordPress/6.3; http://site55799417.com" bioagrifoodfuture.org 10.37.119.52
46.99.186.149 - - [26/Aug/2026:15:24:48 -0500] "POST /xmlrpc.php HTTP/1.1" 409 83 "-" "WordPress.com; https://wordpress.com" bioagrifoodfuture.org 10.37.119.52
46.99.186.149 - - [26/Aug/2026:15:24:58 -0500] "POST /xmlrpc.php HTTP/1.1" 409 83 "-" "WordPress.com; https://wordpress.com" bioagrifoodfuture.org 10.37.119.52
46.99.186.149 - - [26/Aug/2026:15:25:09 -0500] "POST /xmlrpc.php HTTP/1.1" 409 83 "-" "Jetpack/12.5; WordPress/6.1; http://site21245126.com" bioagrifoodfuture.org 10.37.119.52
20.104.81.161 - - [26/Aug/2026:15:25:16 -0500] "GET /wp-content/plugins/fix/up.php HTTP/2.0" 409 83 "-" "Mozilla/5.0" bioagrifoodfuture.org 10.37.119.52
46.99.186.149 - - [26/Aug/2026:15:25:19 -0500] "POST /xmlrpc.php HTTP/1.1" 409 83 "-" "Jetpack by WordPress.com (Jetpack 12.1; WordPress 6.1)" bioagrifoodfuture.org 10.37.119.52
46.99.186.149 - - [26/Aug/2026:15:25:30 -0500] "POST /xmlrpc.php HTTP/1.1" 409 83 "-" "Jetpack by WordPress.com (Jetpack 12.5; WordPress 6.2)" bioagrifoodfuture.org 10.37.119.52
46.99.186.149 - - [26/Aug/2026:15:25:40 -0500] "POST /xmlrpc.php HTTP/1.1" 409 83 "-" "Jetpack by WordPress.com (Jetpack 12.1; WordPress 6.4)" bioagrifoodfuture.org 10.37.119.52
46.99.186.149 - - [26/Aug/2026:15:25:51 -0500] "POST /xmlrpc.php HTTP/1.1" 409 83 "-" "Jetpack by WordPress.com" bioagrifoodfuture.org 10.37.119.52
20.104.81.161 - - [26/Aug/2026:15:25:54 -0500] "GET /wp-content/plugins/fix/up.php HTTP/2.0" 409 83 "-" "Mozilla/5.0" bioagrifoodfuture.org 10.37.119.52
46.99.186.149 - - [26/Aug/2026:15:26:01 -0500] "POST /xmlrpc.php HTTP/1.1" 409 83 "-" "WordPress.com; https://wordpress.com" bioagrifoodfuture.org 10.37.119.52
46.99.186.149 - - [26/Aug/2026:15:26:12 -0500] "POST /xmlrpc.php HTTP/1.1" 409 83 "-" "Jetpack/12.0; WordPress/6.3; http://site90771154.com" bioagrifoodfuture.org 10.37.119.52
46.99.186.149 - - [26/Aug/2026:15:26:22 -0500] "POST /xmlrpc.php HTTP/1.1" 409 83 "-" "Jetpack/12.5; WordPress/6.3; http://site41880113.com" bioagrifoodfuture.org 10.37.119.52
46.99.186.149 - - [26/Aug/2026:15:26:33 -0500] "POST /xmlrpc.php HTTP/1.1" 409 83 "-" "Jetpack by WordPress.com" bioagrifoodfuture.org 10.37.119.52
46.99.186.149 - - [26/Aug/2026:15:26:44 -0500] "POST /xmlrpc.php HTTP/1.1" 409 83 "-" "Jetpack by WordPress.com" bioagrifoodfuture.org 10.37.119.52
46.99.186.149 - - [26/Aug/2026:15:26:54 -0500] "POST /xmlrpc.php HTTP/1.1" 409 83 "-" "WordPress.com; https://wordpress.com" bioagrifoodfuture.org 10.37.119.52
46.99.186.149 - - [26/Aug/2026:15:27:05 -0500] "POST /xmlrpc.php HTTP/1.1" 409 83 "-" "Jetpack by WordPress.com" bioagrifoodfuture.org 10.37.119.52
46.99.186.149 - - [26/Aug/2026:15:27:15 -0500] "POST /xmlrpc.php HTTP/1.1" 409 83 "-" "WordPress.com; https://wordpress.com" bioagrifoodfuture.org 10.37.119.52
140.245.34.247 - - [26/Aug/2026:15:27:18 -0500] "GET /wp-login.php HTTP/1.1" 409 83 "-" "Mozilla/5.0 (Windows NT 11.0; Win64; x64; rv:120.0) Gecko/20100101 Firefox/120.0" mail.bioagrifoodfuture.org 10.37.119.52
46.99.186.149 - - [26/Aug/2026:15:27:26 -0500] "POST /xmlrpc.php HTTP/1.1" 409 83 "-" "Jetpack/13.0; WordPress/6.1; http://site53084776.com" bioagrifoodfuture.org 10.37.119.52
46.99.186.149 - - [26/Aug/2026:15:27:36 -0500] "POST /xmlrpc.php HTTP/1.1" 409 83 "-" "WordPress.com; https://wordpress.com" bioagrifoodfuture.org 10.37.119.52
46.99.186.149 - - [26/Aug/2026:15:27:47 -0500] "POST /xmlrpc.php HTTP/1.1" 409 83 "-" "Jetpack/12.1; WordPress/6.1; http://site59872425.com" bioagrifoodfuture.org 10.37.119.52
46.99.186.149 - - [26/Aug/2026:15:27:57 -0500] "POST /xmlrpc.php HTTP/1.1" 409 83 "-" "Jetpack/12.1; WordPress/6.2; http://site26849555.com" bioagrifoodfuture.org 10.37.119.52
46.99.186.149 - - [26/Aug/2026:15:28:08 -0500] "POST /xmlrpc.php HTTP/1.1" 409 83 "-" "Jetpack by WordPress.com" bioagrifoodfuture.org 10.37.119.52
46.99.186.149 - - [26/Aug/2026:15:28:18 -0500] "POST /xmlrpc.php HTTP/1.1" 409 83 "-" "Jetpack by WordPress.com (Jetpack 12.0; WordPress 6.4)" bioagrifoodfuture.org 10.37.119.52
46.99.186.149 - - [26/Aug/2026:15:28:29 -0500] "POST /xmlrpc.php HTTP/1.1" 409 83 "-" "Jetpack by WordPress.com (Jetpack 12.5; WordPress 6.4)" bioagrifoodfuture.org 10.37.119.52
46.99.186.149 - - [26/Aug/2026:15:28:39 -0500] "POST /xmlrpc.php HTTP/1.1" 409 83 "-" "Jetpack by WordPress.com" bioagrifoodfuture.org 10.37.119.52
46.99.186.149 - - [26/Aug/2026:15:28:50 -0500] "POST /xmlrpc.php HTTP/1.1" 409 83 "-" "Jetpack by WordPress.com (Jetpack 12.1; WordPress 6.1)" bioagrifoodfuture.org 10.37.119.52
46.99.186.149 - - [26/Aug/2026:15:29:01 -0500] "POST /xmlrpc.php HTTP/1.1" 409 83 "-" "Jetpack by WordPress.com (Jetpack 13.0; WordPress 6.2)" bioagrifoodfuture.org 10.37.119.52
46.99.186.149 - - [26/Aug/2026:15:29:11 -0500] "POST /xmlrpc.php HTTP/1.1" 409 83 "-" "Jetpack by WordPress.com (Jetpack 12.5; WordPress 6.2)" bioagrifoodfuture.org 10.37.119.52
46.99.186.149 - - [26/Aug/2026:15:29:22 -0500] "POST /xmlrpc.php HTTP/1.1" 409 83 "-" "Jetpack by WordPress.com (Jetpack 12.1; WordPress 6.1)" bioagrifoodfuture.org 10.37.119.52
46.99.186.149 - - [26/Aug/2026:15:29:32 -0500] "POST /xmlrpc.php HTTP/1.1" 409 83 "-" "Jetpack by WordPress.com" bioagrifoodfuture.org 10.37.119.52
46.99.186.149 - - [26/Aug/2026:15:29:43 -0500] "POST /xmlrpc.php HTTP/1.1" 409 83 "-" "Jetpack by WordPress.com (Jetpack 12.5; WordPress 6.1)" bioagrifoodfuture.org 10.37.119.52
46.99.186.149 - - [26/Aug/2026:15:29:53 -0500] "POST /xmlrpc.php HTTP/1.1" 409 83 "-" "Jetpack by WordPress.com (Jetpack 13.0; WordPress 6.2)" bioagrifoodfuture.org 10.37.119.52
46.99.186.149 - - [26/Aug/2026:15:30:04 -0500] "POST /xmlrpc.php HTTP/1.1" 409 83 "-" "Jetpack by WordPress.com (Jetpack 12.1; WordPress 6.3)" bioagrifoodfuture.org 10.37.119.52
46.99.186.149 - - [26/Aug/2026:15:30:14 -0500] "POST /xmlrpc.php HTTP/1.1" 409 83 "-" "WordPress.com; https://wordpress.com" bioagrifoodfuture.org 10.37.119.52
46.99.186.149 - - [26/Aug/2026:15:30:25 -0500] "POST /xmlrpc.php HTTP/1.1" 409 83 "-" "Jetpack by WordPress.com (Jetpack 12.5; WordPress 6.1)" bioagrifoodfuture.org 10.37.119.52
46.99.186.149 - - [26/Aug/2026:15:30:35 -0500] "POST /xmlrpc.php HTTP/1.1" 409 83 "-" "Jetpack by WordPress.com" bioagrifoodfuture.org 10.37.119.52
46.99.186.149 - - [26/Aug/2026:15:30:46 -0500] "POST /xmlrpc.php HTTP/1.1" 409 83 "-" "WordPress.com; https://wordpress.com" bioagrifoodfuture.org 10.37.119.52
46.99.186.149 - - [26/Aug/2026:15:30:56 -0500] "POST /xmlrpc.php HTTP/1.1" 409 83 "-" "WordPress.com; https://wordpress.com" bioagrifoodfuture.org 10.37.119.52
46.99.186.149 - - [26/Aug/2026:15:31:07 -0500] "POST /xmlrpc.php HTTP/1.1" 409 83 "-" "Jetpack by WordPress.com (Jetpack 13.0; WordPress 6.2)" bioagrifoodfuture.org 10.37.119.52
46.99.186.149 - - [26/Aug/2026:15:31:17 -0500] "POST /xmlrpc.php HTTP/1.1" 409 83 "-" "Jetpack/12.0; WordPress/6.2; http://site32304560.com" bioagrifoodfuture.org 10.37.119.52
46.99.186.149 - - [26/Aug/2026:15:31:28 -0500] "POST /xmlrpc.php HTTP/1.1" 409 83 "-" "Jetpack/13.0; WordPress/6.4; http://site75935083.com" bioagrifoodfuture.org 10.37.119.52
46.99.186.149 - - [26/Aug/2026:15:31:38 -0500] "POST /xmlrpc.php HTTP/1.1" 409 83 "-" "Jetpack/13.0; WordPress/6.4; http://site41927628.com" bioagrifoodfuture.org 10.37.119.52
46.99.186.149 - - [26/Aug/2026:15:31:49 -0500] "POST /xmlrpc.php HTTP/1.1" 409 83 "-" "Jetpack by WordPress.com" bioagrifoodfuture.org 10.37.119.52
46.99.186.149 - - [26/Aug/2026:15:31:59 -0500] "POST /xmlrpc.php HTTP/1.1" 409 83 "-" "WordPress.com; https://wordpress.com" bioagrifoodfuture.org 10.37.119.52
192.185.4.120 - - [26/Aug/2026:15:32:08 -0500] "POST /wp-cron.php?doing_wp_cron=1787776328.1890320777893066406250 HTTP/1.1" 200 - "-" "WordPress/7.1; https://bioagrifoodfuture.org" bioagrifoodfuture.org 10.37.119.52
187.15.103.89 - - [26/Aug/2026:15:32:07 -0500] "GET /wp-login.php HTTP/1.1" 200 4186 "-" "iPhone; CPU iPhone OS 13_2_3 like Mac OS X) AppleWebKit/605.1.15 (KHTML, like Gecko) Version/13.0.3 Mobile/15E148 Safari/604.1)" bioagrifoodfuture.org 10.37.119.52
187.15.103.89 - - [26/Aug/2026:15:32:08 -0500] "POST /wp-login.php HTTP/1.1" 302 - "-" "iPhone; CPU iPhone OS 13_2_3 like Mac OS X) AppleWebKit/605.1.15 (KHTML, like Gecko) Version/13.0.3 Mobile/15E148 Safari/604.1)" bioagrifoodfuture.org 10.37.119.52
192.185.4.120 - - [26/Aug/2026:15:32:10 -0500] "GET /wp-content/plugins/really-simple-ssl/ssl-test-page.php HTTP/1.1" 200 244 "-" "WordPress/7.1; https://bioagrifoodfuture.org" bioagrifoodfuture.org 10.37.119.52
192.185.4.120 - - [26/Aug/2026:15:32:10 -0500] "GET /wp-content/uploads/code-execution.php HTTP/1.1" 200 47 "-" "WordPress/7.1; https://bioagrifoodfuture.org" bioagrifoodfuture.org 10.37.119.52
192.185.4.120 - - [26/Aug/2026:15:32:10 -0500] "GET /indexing-test/ HTTP/1.1" 403 450 "-" "WordPress/7.1; https://bioagrifoodfuture.org" bioagrifoodfuture.org 10.37.119.52
192.185.4.120 - - [26/Aug/2026:15:32:10 -0500] "GET / HTTP/1.1" 200 30213 "-" "WordPress/7.1; https://bioagrifoodfuture.org" bioagrifoodfuture.org 10.37.119.52
46.99.186.149 - - [26/Aug/2026:15:32:10 -0500] "POST /xmlrpc.php HTTP/1.1" 409 83 "-" "Jetpack/12.5; WordPress/6.2; http://site50115933.com" bioagrifoodfuture.org 10.37.119.52
192.185.4.120 - - [26/Aug/2026:15:32:13 -0500] "POST /wp-cron.php?doing_wp_cron=1787776333.1479530334472656250000 HTTP/1.1" 200 - "-" "WordPress/7.1; https://bioagrifoodfuture.org" bioagrifoodfuture.org 10.37.119.52
187.15.103.89 - - [26/Aug/2026:15:32:09 -0500] "GET /wp-admin/ HTTP/1.1" 200 154128 "-" "iPhone; CPU iPhone OS 13_2_3 like Mac OS X) AppleWebKit/605.1.15 (KHTML, like Gecko) Version/13.0.3 Mobile/15E148 Safari/604.1)" bioagrifoodfuture.org 10.37.119.52
187.15.103.89 - - [26/Aug/2026:15:32:15 -0500] "GET /wp-admin/theme-install.php?tab=upload HTTP/1.1" 200 212202 "-" "iPhone; CPU iPhone OS 13_2_3 like Mac OS X) AppleWebKit/605.1.15 (KHTML, like Gecko) Version/13.0.3 Mobile/15E148 Safari/604.1)" bioagrifoodfuture.org 10.37.119.52
46.99.186.149 - - [26/Aug/2026:15:32:20 -0500] "POST /xmlrpc.php HTTP/1.1" 409 83 "-" "Jetpack by WordPress.com (Jetpack 12.0; WordPress 6.1)" bioagrifoodfuture.org 10.37.119.52
187.15.103.89 - - [26/Aug/2026:15:32:18 -0500] "POST /wp-admin/update.php?action=upload-theme HTTP/1.1" 200 120051 "-" "iPhone; CPU iPhone OS 13_2_3 like Mac OS X) AppleWebKit/605.1.15 (KHTML, like Gecko) Version/13.0.3 Mobile/15E148 Safari/604.1)" bioagrifoodfuture.org 10.37.119.52
187.15.103.89 - - [26/Aug/2026:15:32:24 -0500] "GET /wp-content/themes/litespeed-cache-57s2f/readme.php HTTP/1.1" 406 226 "-" "python-requests/2.34.2" bioagrifoodfuture.org 10.37.119.52
187.15.103.89 - - [26/Aug/2026:15:32:24 -0500] "GET /wp-admin/plugin-install.php?tab=upload HTTP/1.1" 200 124298 "-" "iPhone; CPU iPhone OS 13_2_3 like Mac OS X) AppleWebKit/605.1.15 (KHTML, like Gecko) Version/13.0.3 Mobile/15E148 Safari/604.1)" bioagrifoodfuture.org 10.37.119.52
187.15.103.89 - - [26/Aug/2026:15:32:26 -0500] "POST /wp-admin/update.php?action=upload-plugin HTTP/1.1" 200 119793 "-" "iPhone; CPU iPhone OS 13_2_3 like Mac OS X) AppleWebKit/605.1.15 (KHTML, like Gecko) Version/13.0.3 Mobile/15E148 Safari/604.1)" bioagrifoodfuture.org 10.37.119.52
187.15.103.89 - - [26/Aug/2026:15:32:30 -0500] "GET /wp-content/plugins/litespeed-cache-8fwi4/readme.php HTTP/1.1" 406 226 "-" "python-requests/2.34.2" bioagrifoodfuture.org 10.37.119.52
46.99.186.149 - - [26/Aug/2026:15:32:31 -0500] "POST /xmlrpc.php HTTP/1.1" 409 83 "-" "Jetpack by WordPress.com (Jetpack 12.1; WordPress 6.3)" bioagrifoodfuture.org 10.37.119.52
187.15.103.89 - - [26/Aug/2026:15:32:30 -0500] "GET /wp-admin/plugin-editor.php HTTP/1.1" 200 135806 "-" "iPhone; CPU iPhone OS 13_2_3 like Mac OS X) AppleWebKit/605.1.15 (KHTML, like Gecko) Version/13.0.3 Mobile/15E148 Safari/604.1)" bioagrifoodfuture.org 10.37.119.52
192.185.4.120 - - [26/Aug/2026:15:32:33 -0500] "POST /wp-cron.php?doing_wp_cron=1787776353.6995580196380615234375 HTTP/1.1" 200 - "-" "WordPress/7.1; https://bioagrifoodfuture.org" bioagrifoodfuture.org 10.37.119.52
187.15.103.89 - - [26/Aug/2026:15:32:32 -0500] "GET /wp-admin/plugin-editor.php?file=litespeed-cache-8fwi4/akismet.php&plugin=litespeed-cache-8fwi4/akismet.php HTTP/1.1" 200 136256 "-" "iPhone; CPU iPhone OS 13_2_3 like Mac OS X) AppleWebKit/605.1.15 (KHTML, like Gecko) Version/13.0.3 Mobile/15E148 Safari/604.1)" bioagrifoodfuture.org 10.37.119.52
187.15.103.89 - - [26/Aug/2026:15:32:34 -0500] "POST /wp-admin/plugin-editor.php HTTP/1.1" 302 - "-" "iPhone; CPU iPhone OS 13_2_3 like Mac OS X) AppleWebKit/605.1.15 (KHTML, like Gecko) Version/13.0.3 Mobile/15E148 Safari/604.1)" bioagrifoodfuture.org 10.37.119.52
187.15.103.89 - - [26/Aug/2026:15:32:35 -0500] "GET /wp-admin/plugin-editor.php?a=1&plugin=litespeed-cache-8fwi4/akismet.php&file=litespeed-cache-8fwi4/akismet.php HTTP/1.1" 200 139710 "-" "iPhone; CPU iPhone OS 13_2_3 like Mac OS X) AppleWebKit/605.1.15 (KHTML, like Gecko) Version/13.0.3 Mobile/15E148 Safari/604.1)" bioagrifoodfuture.org 10.37.119.52
187.15.103.89 - - [26/Aug/2026:15:32:36 -0500] "GET /wp-admin/plugin-editor.php?file=classic-editor/classic-editor.php&plugin=classic-editor/classic-editor.php HTTP/1.1" 200 140396 "-" "iPhone; CPU iPhone OS 13_2_3 like Mac OS X) AppleWebKit/605.1.15 (KHTML, like Gecko) Version/13.0.3 Mobile/15E148 Safari/604.1)" bioagrifoodfuture.org 10.37.119.52
192.185.4.120 - - [26/Aug/2026:15:32:39 -0500] "GET /wp-admin/plugin-editor.php?plugin=classic-editor%2Fclassic-editor.php&file=classic-editor%2Fclassic-editor.php&wp_scrape_key=901b37a8ca2736d9c964289ec287d547&wp_scrape_nonce=492346061 HTTP/1.1" 200 146602 "-" "WordPress/7.1; https://bioagrifoodfuture.org" bioagrifoodfuture.org 10.37.119.52
192.185.4.120 - - [26/Aug/2026:15:32:39 -0500] "GET /?wp_scrape_key=901b37a8ca2736d9c964289ec287d547&wp_scrape_nonce=492346061 HTTP/1.1" 200 43674 "-" "WordPress/7.1; https://bioagrifoodfuture.org" bioagrifoodfuture.org 10.37.119.52
187.15.103.89 - - [26/Aug/2026:15:32:38 -0500] "POST /wp-admin/plugin-editor.php HTTP/1.1" 302 - "-" "iPhone; CPU iPhone OS 13_2_3 like Mac OS X) AppleWebKit/605.1.15 (KHTML, like Gecko) Version/13.0.3 Mobile/15E148 Safari/604.1)" bioagrifoodfuture.org 10.37.119.52
46.99.186.149 - - [26/Aug/2026:15:32:42 -0500] "POST /xmlrpc.php HTTP/1.1" 409 83 "-" "WordPress.com; https://wordpress.com" bioagrifoodfuture.org 10.37.119.52
187.15.103.89 - - [26/Aug/2026:15:32:42 -0500] "GET /wp-admin/plugin-editor.php?a=1&plugin=classic-editor/classic-editor.php&file=classic-editor/classic-editor.php HTTP/1.1" 200 146115 "-" "iPhone; CPU iPhone OS 13_2_3 like Mac OS X) AppleWebKit/605.1.15 (KHTML, like Gecko) Version/13.0.3 Mobile/15E148 Safari/604.1)" bioagrifoodfuture.org 10.37.119.52
187.15.103.89 - - [26/Aug/2026:15:32:43 -0500] "GET /wp-admin/plugin-editor.php?file=coming-soon/coming-soon.php&plugin=coming-soon/coming-soon.php HTTP/1.1" 200 139077 "-" "iPhone; CPU iPhone OS 13_2_3 like Mac OS X) AppleWebKit/605.1.15 (KHTML, like Gecko) Version/13.0.3 Mobile/15E148 Safari/604.1)" bioagrifoodfuture.org 10.37.119.52
192.185.4.120 - - [26/Aug/2026:15:32:45 -0500] "GET /wp-admin/plugin-editor.php?plugin=coming-soon%2Fcoming-soon.php&file=coming-soon%2Fcoming-soon.php&wp_scrape_key=6576334dc4ee6e6cb6dabba6036b3e41&wp_scrape_nonce=1713305342 HTTP/1.1" 200 2588 "-" "WordPress/7.1; https://bioagrifoodfuture.org" bioagrifoodfuture.org 10.37.119.52
187.15.103.89 - - [26/Aug/2026:15:32:45 -0500] "POST /wp-admin/plugin-editor.php HTTP/1.1" 200 142093 "-" "iPhone; CPU iPhone OS 13_2_3 like Mac OS X) AppleWebKit/605.1.15 (KHTML, like Gecko) Version/13.0.3 Mobile/15E148 Safari/604.1)" bioagrifoodfuture.org 10.37.119.52
187.15.103.89 - - [26/Aug/2026:15:32:46 -0500] "GET /wp-admin/plugin-editor.php?file=contact-form-7/wp-contact-form-7.php&plugin=contact-form-7/wp-contact-form-7.php HTTP/1.1" 200 134295 "-" "iPhone; CPU iPhone OS 13_2_3 like Mac OS X) AppleWebKit/605.1.15 (KHTML, like Gecko) Version/13.0.3 Mobile/15E148 Safari/604.1)" bioagrifoodfuture.org 10.37.119.52
192.185.4.120 - - [26/Aug/2026:15:32:48 -0500] "GET /wp-admin/plugin-editor.php?plugin=contact-form-7%2Fwp-contact-form-7.php&file=contact-form-7%2Fwp-contact-form-7.php&wp_scrape_key=74dafd52cee1a5b58501c655f77ab679&wp_scrape_nonce=1574128141 HTTP/1.1" 200 2592 "-" "WordPress/7.1; https://bioagrifoodfuture.org" bioagrifoodfuture.org 10.37.119.52
187.15.103.89 - - [26/Aug/2026:15:32:48 -0500] "POST /wp-admin/plugin-editor.php HTTP/1.1" 200 137491 "-" "iPhone; CPU iPhone OS 13_2_3 like Mac OS X) AppleWebKit/605.1.15 (KHTML, like Gecko) Version/13.0.3 Mobile/15E148 Safari/604.1)" bioagrifoodfuture.org 10.37.119.52
187.15.103.89 - - [26/Aug/2026:15:32:49 -0500] "GET /wp-admin/plugin-editor.php?file=elementor/elementor.php&plugin=elementor/elementor.php HTTP/1.1" 200 229686 "-" "iPhone; CPU iPhone OS 13_2_3 like Mac OS X) AppleWebKit/605.1.15 (KHTML, like Gecko) Version/13.0.3 Mobile/15E148 Safari/604.1)" bioagrifoodfuture.org 10.37.119.52
46.99.186.149 - - [26/Aug/2026:15:32:52 -0500] "POST /xmlrpc.php HTTP/1.1" 409 83 "-" "Jetpack/12.1; WordPress/6.4; http://site51593885.com" bioagrifoodfuture.org 10.37.119.52
192.185.4.120 - - [26/Aug/2026:15:32:54 -0500] "GET /wp-admin/plugin-editor.php?plugin=elementor%2Felementor.php&file=elementor%2Felementor.php&wp_scrape_key=411f84b3f541fd36a16e80366bbd910c&wp_scrape_nonce=2022893499 HTTP/1.1" 200 2588 "-" "WordPress/7.1; https://bioagrifoodfuture.org" bioagrifoodfuture.org 10.37.119.52
187.15.103.89 - - [26/Aug/2026:15:32:53 -0500] "POST /wp-admin/plugin-editor.php HTTP/1.1" 200 232959 "-" "iPhone; CPU iPhone OS 13_2_3 like Mac OS X) AppleWebKit/605.1.15 (KHTML, like Gecko) Version/13.0.3 Mobile/15E148 Safari/604.1)" bioagrifoodfuture.org 10.37.119.52
187.15.103.89 - - [26/Aug/2026:15:32:55 -0500] "GET /wp-admin/plugin-editor.php?file=elementor-pro/elementor-pro.php&plugin=elementor-pro/elementor-pro.php HTTP/1.1" 200 192048 "-" "iPhone; CPU iPhone OS 13_2_3 like Mac OS X) AppleWebKit/605.1.15 (KHTML, like Gecko) Version/13.0.3 Mobile/15E148 Safari/604.1)" bioagrifoodfuture.org 10.37.119.52
192.185.4.120 - - [26/Aug/2026:15:32:59 -0500] "GET /wp-admin/plugin-editor.php?plugin=elementor-pro%2Felementor-pro.php&file=elementor-pro%2Felementor-pro.php&wp_scrape_key=671ea8cc9a4b3e9c38263743f5c55cef&wp_scrape_nonce=1508857573 HTTP/1.1" 200 2590 "-" "WordPress/7.1; https://bioagrifoodfuture.org" bioagrifoodfuture.org 10.37.119.52
187.15.103.89 - - [26/Aug/2026:15:32:58 -0500] "POST /wp-admin/plugin-editor.php HTTP/1.1" 200 195271 "-" "iPhone; CPU iPhone OS 13_2_3 like Mac OS X) AppleWebKit/605.1.15 (KHTML, like Gecko) Version/13.0.3 Mobile/15E148 Safari/604.1)" bioagrifoodfuture.org 10.37.119.52
187.15.103.89 - - [26/Aug/2026:15:33:00 -0500] "GET /wp-admin/plugin-editor.php?file=essential-addons-for-elementor-lite/essential_adons_elementor.php&plugin=essential-addons-for-elementor-lite/essential_adons_elementor.php HTTP/1.1" 200 152529 "-" "iPhone; CPU iPhone OS 13_2_3 like Mac OS X) AppleWebKit/605.1.15 (KHTML, like Gecko) Version/13.0.3 Mobile/15E148 Safari/604.1)" bioagrifoodfuture.org 10.37.119.52
46.99.186.149 - - [26/Aug/2026:15:33:03 -0500] "POST /xmlrpc.php HTTP/1.1" 409 83 "-" "Jetpack by WordPress.com (Jetpack 12.0; WordPress 6.2)" bioagrifoodfuture.org 10.37.119.52
192.185.4.120 - - [26/Aug/2026:15:33:02 -0500] "GET /wp-admin/plugin-editor.php?plugin=essential-addons-for-elementor-lite%2Fessential_adons_elementor.php&file=essential-addons-for-elementor-lite%2Fessential_adons_elementor.php&wp_scrape_key=5a180694b0a91df67441608144aadcf1&wp_scrape_nonce=1320098351 HTTP/1.1" 200 2611 "-" "WordPress/7.1; https://bioagrifoodfuture.org" bioagrifoodfuture.org 10.37.119.52
187.15.103.89 - - [26/Aug/2026:15:33:02 -0500] "POST /wp-admin/plugin-editor.php HTTP/1.1" 200 155563 "-" "iPhone; CPU iPhone OS 13_2_3 like Mac OS X) AppleWebKit/605.1.15 (KHTML, like Gecko) Version/13.0.3 Mobile/15E148 Safari/604.1)" bioagrifoodfuture.org 10.37.119.52
187.15.103.89 - - [26/Aug/2026:15:33:03 -0500] "GET /wp-admin/plugin-editor.php?file=essential-addons-elementor/essential_adons_elementor.php&plugin=essential-addons-elementor/essential_adons_elementor.php HTTP/1.1" 200 145158 "-" "iPhone; CPU iPhone OS 13_2_3 like Mac OS X) AppleWebKit/605.1.15 (KHTML, like Gecko) Version/13.0.3 Mobile/15E148 Safari/604.1)" bioagrifoodfuture.org 10.37.119.52
192.185.4.120 - - [26/Aug/2026:15:33:06 -0500] "GET /wp-admin/plugin-editor.php?plugin=essential-addons-elementor%2Fessential_adons_elementor.php&file=essential-addons-elementor%2Fessential_adons_elementor.php&wp_scrape_key=c7a0f795bfc72e8a4ac0aa75427044e2&wp_scrape_nonce=191979330 HTTP/1.1" 200 2605 "-" "WordPress/7.1; https://bioagrifoodfuture.org" bioagrifoodfuture.org 10.37.119.52
187.15.103.89 - - [26/Aug/2026:15:33:05 -0500] "POST /wp-admin/plugin-editor.php HTTP/1.1" 200 148265 "-" "iPhone; CPU iPhone OS 13_2_3 like Mac OS X) AppleWebKit/605.1.15 (KHTML, like Gecko) Version/13.0.3 Mobile/15E148 Safari/604.1)" bioagrifoodfuture.org 10.37.119.52
187.15.103.89 - - [26/Aug/2026:15:33:07 -0500] "GET /wp-admin/plugin-editor.php?file=force-regenerate-thumbnails/force-regenerate-thumbnails.php&plugin=force-regenerate-thumbnails/force-regenerate-thumbnails.php HTTP/1.1" 200 129980 "-" "iPhone; CPU iPhone OS 13_2_3 like Mac OS X) AppleWebKit/605.1.15 (KHTML, like Gecko) Version/13.0.3 Mobile/15E148 Safari/604.1)" bioagrifoodfuture.org 10.37.119.52
187.15.103.89 - - [26/Aug/2026:15:33:08 -0500] "POST /wp-admin/plugin-editor.php HTTP/1.1" 200 2399 "-" "iPhone; CPU iPhone OS 13_2_3 like Mac OS X) AppleWebKit/605.1.15 (KHTML, like Gecko) Version/13.0.3 Mobile/15E148 Safari/604.1)" bioagrifoodfuture.org 10.37.119.52
187.15.103.89 - - [26/Aug/2026:15:33:09 -0500] "GET /wp-admin/plugin-editor.php?file=gravityforms/gravityforms.php&plugin=gravityforms/gravityforms.php HTTP/1.1" 200 205880 "-" "iPhone; CPU iPhone OS 13_2_3 like Mac OS X) AppleWebKit/605.1.15 (KHTML, like Gecko) Version/13.0.3 Mobile/15E148 Safari/604.1)" bioagrifoodfuture.org 10.37.119.52
192.185.4.120 - - [26/Aug/2026:15:33:13 -0500] "GET /wp-admin/plugin-editor.php?plugin=gravityforms%2Fgravityforms.php&file=gravityforms%2Fgravityforms.php&wp_scrape_key=95d1865cd2d414138374301fb57d5ccf&wp_scrape_nonce=511546759 HTTP/1.1" 200 2590 "-" "WordPress/7.1; https://bioagrifoodfuture.org" bioagrifoodfuture.org 10.37.119.52
187.15.103.89 - - [26/Aug/2026:15:33:11 -0500] "POST /wp-admin/plugin-editor.php HTTP/1.1" 200 208931 "-" "iPhone; CPU iPhone OS 13_2_3 like Mac OS X) AppleWebKit/605.1.15 (KHTML, like Gecko) Version/13.0.3 Mobile/15E148 Safari/604.1)" bioagrifoodfuture.org 10.37.119.52
46.99.186.149 - - [26/Aug/2026:15:33:13 -0500] "POST /xmlrpc.php HTTP/1.1" 409 83 "-" "Jetpack by WordPress.com" bioagrifoodfuture.org 10.37.119.52
187.15.103.89 - - [26/Aug/2026:15:33:13 -0500] "GET /wp-admin/plugin-editor.php?file=gfstylespro/gfstylespro.php&plugin=gfstylespro/gfstylespro.php HTTP/1.1" 200 131215 "-" "iPhone; CPU iPhone OS 13_2_3 like Mac OS X) AppleWebKit/605.1.15 (KHTML, like Gecko) Version/13.0.3 Mobile/15E148 Safari/604.1)" bioagrifoodfuture.org 10.37.119.52
192.185.4.120 - - [26/Aug/2026:15:33:16 -0500] "GET /wp-admin/plugin-editor.php?plugin=gfstylespro%2Fgfstylespro.php&file=gfstylespro%2Fgfstylespro.php&wp_scrape_key=0a992db0fef7982bfae7dd5a52c8defd&wp_scrape_nonce=2126758977 HTTP/1.1" 200 2589 "-" "WordPress/7.1; https://bioagrifoodfuture.org" bioagrifoodfuture.org 10.37.119.52
187.15.103.89 - - [26/Aug/2026:15:33:15 -0500] "POST /wp-admin/plugin-editor.php HTTP/1.1" 200 134511 "-" "iPhone; CPU iPhone OS 13_2_3 like Mac OS X) AppleWebKit/605.1.15 (KHTML, like Gecko) Version/13.0.3 Mobile/15E148 Safari/604.1)" bioagrifoodfuture.org 10.37.119.52
192.185.4.120 - - [26/Aug/2026:15:33:18 -0500] "POST /wp-cron.php?doing_wp_cron=1787776398.1704230308532714843750 HTTP/1.1" 200 - "-" "WordPress/7.1; https://bioagrifoodfuture.org" bioagrifoodfuture.org 10.37.119.52
187.15.103.89 - - [26/Aug/2026:15:33:16 -0500] "GET /wp-admin/plugin-editor.php?file=image-optimization/image-optimization.php&plugin=image-optimization/image-optimization.php HTTP/1.1" 200 143752 "-" "iPhone; CPU iPhone OS 13_2_3 like Mac OS X) AppleWebKit/605.1.15 (KHTML, like Gecko) Version/13.0.3 Mobile/15E148 Safari/604.1)" bioagrifoodfuture.org 10.37.119.52
192.185.4.120 - - [26/Aug/2026:15:33:18 -0500] "PURGE /.* HTTP/1.1" 200 13278 "-" "WordPress/7.1; https://bioagrifoodfuture.org; EPC/v2.2.2/epc_scheduled_purge_all" bioagrifoodfuture.org 10.37.119.52
192.185.4.120 - - [26/Aug/2026:15:33:19 -0500] "GET /wp-admin/plugin-editor.php?plugin=image-optimization%2Fimage-optimization.php&file=image-optimization%2Fimage-optimization.php&wp_scrape_key=13b4b0cbc7b7bc7c255006cc0f8da8c7&wp_scrape_nonce=477481398 HTTP/1.1" 200 2594 "-" "WordPress/7.1; https://bioagrifoodfuture.org" bioagrifoodfuture.org 10.37.119.52
187.15.103.89 - - [26/Aug/2026:15:33:18 -0500] "POST /wp-admin/plugin-editor.php HTTP/1.1" 200 147033 "-" "iPhone; CPU iPhone OS 13_2_3 like Mac OS X) AppleWebKit/605.1.15 (KHTML, like Gecko) Version/13.0.3 Mobile/15E148 Safari/604.1)" bioagrifoodfuture.org 10.37.119.52
192.185.4.120 - - [26/Aug/2026:15:33:19 -0500] "PURGE /.* HTTP/1.1" 200 13278 "-" "WordPress/7.1; https://bioagrifoodfuture.org; EPC/v2.2.2/epc_scheduled_purge_all" bioagrifoodfuture.org 10.37.119.52
187.15.103.89 - - [26/Aug/2026:15:33:20 -0500] "GET /wp-admin/plugin-editor.php?file=one-click-demo-import/one-click-demo-import.php&plugin=one-click-demo-import/one-click-demo-import.php HTTP/1.1" 200 132062 "-" "iPhone; CPU iPhone OS 13_2_3 like Mac OS X) AppleWebKit/605.1.15 (KHTML, like Gecko) Version/13.0.3 Mobile/15E148 Safari/604.1)" bioagrifoodfuture.org 10.37.119.52
192.185.4.120 - - [26/Aug/2026:15:33:22 -0500] "GET /wp-admin/plugin-editor.php?plugin=one-click-demo-import%2Fone-click-demo-import.php&file=one-click-demo-import%2Fone-click-demo-import.php&wp_scrape_key=c980c5c70af880f51a784df10419ddbe&wp_scrape_nonce=1051460204 HTTP/1.1" 200 2598 "-" "WordPress/7.1; https://bioagrifoodfuture.org" bioagrifoodfuture.org 10.37.119.52
187.15.103.89 - - [26/Aug/2026:15:33:21 -0500] "POST /wp-admin/plugin-editor.php HTTP/1.1" 200 135217 "-" "iPhone; CPU iPhone OS 13_2_3 like Mac OS X) AppleWebKit/605.1.15 (KHTML, like Gecko) Version/13.0.3 Mobile/15E148 Safari/604.1)" bioagrifoodfuture.org 10.37.119.52
46.99.186.149 - - [26/Aug/2026:15:33:24 -0500] "POST /xmlrpc.php HTTP/1.1" 409 83 "-" "Jetpack/12.5; WordPress/6.4; http://site86273849.com" bioagrifoodfuture.org 10.37.119.52
187.15.103.89 - - [26/Aug/2026:15:33:23 -0500] "GET /wp-admin/plugin-editor.php?file=otter-blocks/otter-blocks.php&plugin=otter-blocks/otter-blocks.php HTTP/1.1" 200 151795 "-" "iPhone; CPU iPhone OS 13_2_3 like Mac OS X) AppleWebKit/605.1.15 (KHTML, like Gecko) Version/13.0.3 Mobile/15E148 Safari/604.1)" bioagrifoodfuture.org 10.37.119.52
192.185.4.120 - - [26/Aug/2026:15:33:26 -0500] "GET /wp-admin/plugin-editor.php?plugin=otter-blocks%2Fotter-blocks.php&file=otter-blocks%2Fotter-blocks.php&wp_scrape_key=c701c42eec36889d2a8d6c733282e5c2&wp_scrape_nonce=1259482674 HTTP/1.1" 200 2590 "-" "WordPress/7.1; https://bioagrifoodfuture.org" bioagrifoodfuture.org 10.37.119.52
187.15.103.89 - - [26/Aug/2026:15:33:25 -0500] "POST /wp-admin/plugin-editor.php HTTP/1.1" 200 154965 "-" "iPhone; CPU iPhone OS 13_2_3 like Mac OS X) AppleWebKit/605.1.15 (KHTML, like Gecko) Version/13.0.3 Mobile/15E148 Safari/604.1)" bioagrifoodfuture.org 10.37.119.52
46.99.186.149 - - [26/Aug/2026:15:33:34 -0500] "POST /xmlrpc.php HTTP/1.1" 409 83 "-" "Jetpack by WordPress.com (Jetpack 12.5; WordPress 6.4)" bioagrifoodfuture.org 10.37.119.52
46.99.186.149 - - [26/Aug/2026:15:33:45 -0500] "POST /xmlrpc.php HTTP/1.1" 409 83 "-" "Jetpack by WordPress.com (Jetpack 12.1; WordPress 6.4)" bioagrifoodfuture.org 10.37.119.52
46.99.186.149 - - [26/Aug/2026:15:33:55 -0500] "POST /xmlrpc.php HTTP/1.1" 409 83 "-" "WordPress.com; https://wordpress.com" bioagrifoodfuture.org 10.37.119.52
46.99.186.149 - - [26/Aug/2026:15:34:06 -0500] "POST /xmlrpc.php HTTP/1.1" 409 83 "-" "Jetpack by WordPress.com (Jetpack 12.1; WordPress 6.2)" bioagrifoodfuture.org 10.37.119.52
46.99.186.149 - - [26/Aug/2026:15:34:16 -0500] "POST /xmlrpc.php HTTP/1.1" 409 83 "-" "WordPress.com; https://wordpress.com" bioagrifoodfuture.org 10.37.119.52
46.99.186.149 - - [26/Aug/2026:15:34:27 -0500] "POST /xmlrpc.php HTTP/1.1" 409 83 "-" "WordPress.com; https://wordpress.com" bioagrifoodfuture.org 10.37.119.52
